onvert -5210 (base 11) to base 7.
-26066
-14643 (base 9) to base 7
-41106
3701 (base 11) to base 14
1a9b
Convert 1264 (base 12) to base 13.
c4c
-1773 (base 16) to base 13
-296a
Convert c2 (base 14) to base 3.
20022
20ed (base 16) to base 9
12505
Convert 3222 (base 5) to base 12.
305
253 (base 8) to base 3
20100
What is -4c4a (base 13) in base 15?
-3353
1002110 (base 3) to base 6
3403
689 (base 16) to base 3
2021222
What is 3002133 (base 4) in base 6?
133343
What is -1305 (base 6) in base 13?
-1c4
2241 (base 9) to base 13
9a6
What is -10101000000011 (base 2) in base 10?
-10755
Convert 143 (base 14) to base 12.
193
What is -25322 (base 6) in base 7?
-14030
126162 (base 7) to base 15
7090
-5c8 (base 15) to base 13
-7a0
What is 172b (base 13) in base 8?
6531
547 (base 14) to base 6
4455
Convert 12257 (base 8) to base 15.
1880
Convert -1265 (base 11) to base 13.
-996
Convert -1244 (base 8) to base 5.
-10201
What is -155 (base 6) in base 15?
-4b
Convert 7410 (base 14) to base 9.
30388
-3a1b3 (base 12) to base 14
-210d9
Convert 40663 (base 8) to base 7.
100015
What is 5c57 (base 13) in base 16?
331d
450 (base 10) to base 14
242
-1584 (base 15) to base 5
-121444
-4e (base 16) to base 7
-141
What is -33532 (base 6) in base 2?
-1001010000000
What is 145405 (base 6) in base 11?
a72a
Convert -10200221 (base 3) to base 13.
-12c7
27 (base 13) to base 7
45
Convert 953 (base 16) to base 9.
3242
24110 (base 8) to base 13
4903
221011 (base 4) to base 12
1631
What is -100122120 (base 3) in base 13?
-3282
-4cd3 (base 14) to base 15
-400d
72b2 (base 14) to base 12
b524
What is -537 (base 14) in base 8?
-2005
Convert 100110000001100 (base 2) to base 12.
b324
Convert -1020100 (base 4) to base 14.
-1984
What is 11100011110011 (base 2) in base 13?
6836
39278 (base 12) to base 3
10222012002
What is -122012 (base 4) in base 3?
-2021212
Convert -1243210 (base 5) to base 11.
-17700
What is 21220211 (base 3) in base 14?
2165
What is -8624 (base 10) in base 14?
-3200
What is -220212 (base 3) in base 6?
-3035
Convert 111101011110 (base 2) to base 4.
331132
-116d1 (base 15) to base 9
-84167
What is 5643 (base 15) in base 10?
18288
What is -2120103 (base 4) in base 9?
-14330
-20a78 (base 12) to base 5
-2334004
Convert 3013010 (base 4) to base 3.
122110212
3576 (base 9) to base 11
1aaa
Convert -29b8 (base 15) to base 16.
-22f4
Convert -1c11 (base 16) to base 11.
-5442
Convert -14514 (base 6) to base 16.
-92e
What is -100000110001 (base 2) in base 12?
-1269
Convert -1010101111101001 (base 2) to base 12.
-21575
-1817 (base 9) to base 12
-981
-182a (base 11) to base 6
-14443
What is -2887 (base 10) in base 14?
-10a3
Convert 2552 (base 11) to base 12.
1b10
Convert -12002 (base 12) to base 6.
-304002
Convert -1022330 (base 4) to base 7.
-16661
231411 (base 5) to base 7
33235
-736 (base 10) to base 2
-1011100000
Convert 1567 (base 11) to base 4.
133121
4086 (base 14) to base 12
6506
Convert 2004 (base 6) to base 7.
1162
Convert 4030 (base 5) to base 8.
1003
12331122 (base 4) to base 8
67532
Convert -154c5 (base 13) to base 7.
-225510
What is 1534 (base 7) in base 16?
265
What is 1760 (base 15) in base 16?
13b0
What is -1913 (base 13) in base 14?
-150a
Convert 100001011010010 (base 2) to base 5.
1021411
Convert -5de (base 15) to base 7.
-3614
What is -1051 (base 7) in base 5?
-3004
Convert 100003002 (base 4) to base 15.
14720
-11032 (base 6) to base 11
-1173
33616 (base 9) to base 6
251323
-1b (base 12) to base 2
-10111
1293 (base 12) to base 14
abd
1047 (base 11) to base 3
1220012
Convert 4a2 (base 14) to base 15.
41b
Convert -178 (base 13) to base 4.
-10030
Convert -3362 (base 7) to base 6.
-5352
Convert 1545 (base 13) to base 12.
1963
What is -9e4 (base 15) in base 8?
-4277
Convert -20842 (base 9) to base 15.
-4158
What is -182 (base 14) in base 2?
-100110110
-1501 (base 11) to base 5
-30222
1aec (base 15) to base 13
287a
-11000000101 (base 2) to base 10
-1541
Convert 5c2c (base 14) to base 2.
11111011110000
What is 61053 (base 7) in base 8?
34703
What is 503042 (base 6) in base 2?
1001101010000010
-2495 (base 16) to base 2
-10010010010101
What is 33461 (base 12) in base 3?
10110100001
4141 (base 5) to base 8
1042
-1522 (base 9) to base 5
-14104
What is -3145 (base 6) in base 16?
-2c9
-181 (base 15) to base 3
-110211
What is -5354 (base 7) in base 14?
-99b
-1232 (base 6) to base 2
-100110100
What is 12240 (base 5) in base 9?
1260
What is -200332 (base 4) in base 12?
-127a
Convert 12b (base 15) to base 2.
100001010
5447 (base 9) to base 5
112022
What is 277 (base 9) in base 3?
22121
Convert b89 (base 15) to base 14.
d40
27a7 (base 13) to base 2
1011001010010
-630 (base 13) to base 3
-1110000
Convert 3662 (base 7) to base 11.
1033
-222 (base 4) to base 8
-52
-10211200 (base 3) to base 8
-5357
What is 196b3 (base 12) in base 2?
1001000110100111
Convert 362 (base 11) to base 8.
657
-1401 (base 11) to base 13
-a99
Convert 1100010110 (base 2) to base 11.
659
Convert -8688 (base 15) to base 16.
-6f3e
Convert -5003 (base 7) to base 8.
-3266
190 (base 14) to base 7
640
Convert -21050 (base 6) to base 5.
-42323
Convert -12121031 (base 4) to base 15.
-7b5e
-44325 (base 6) to base 4
-1200131
Convert -1133024 (base 5) to base 16.
-5216
1001200212 (base 3) to base 4
11012321
Convert -22212112 (base 4) to base 13.
-169b7
What is -10223 (base 4) in base 16?
-12b
Convert 212001021 (base 3) to base 16.
41a1
Convert 83a (base 12) to base 14.
618
Convert -57227 (base 9) to base 4.
-21103033
Convert 3a (base 14) to base 6.
124
What is -ba3 (base 12) in base 3?
-2100020
Convert 62 (base 16) to base 4.
1202
-13332 (base 10) to base 14
-4c04
What is 15608 (base 11) in base 4?
11120032
What is -1101011110001 (base 2) in base 4?
-1223301
Convert 36640 (base 8) to base 13.
7247
What is 33f (base 16) in base 13?
4bc
What is 1100010101 (base 2) in base 14?
405
What is 2442 (base 5) in base 8?
564
1010110010000100 (base 2) to base 10
44164
b266 (base 12) to base 13
8a84
3790 (base 11) to base 9
6687
4251 (base 8) to base 16
8a9
Convert -1177 (base 15) to base 13.
-18c7
Convert 14037 (base 9) to base 8.
22447
Convert 113c0 (base 16) to base 2.
10001001111000000
-4133 (base 10) to base 13
-1b5c
2565 (base 11) to base 14
1306
What is -152 (base 11) in base 9?
-217
10000010000111001 (base 2) to base 14
1a3c5
Convert -1220122 (base 3) to base 13.
-833
Convert -725 (base 8) to base 3.
-122101
-2465 (base 8) to base 12
-931
-d54 (base 14) to base 5
-40442
39 (base 10) to base 9
43
347 (base 12) to base 13
2b6
Convert 83c0 (base 13) to base 15.
560e
What is -1a960 (base 12) in base 15?
-ba09
What is b83 (base 14) in base 5?
33041
What is -12064 (base 7) in base 14?
-11db
7777 (base 9) to base 15
1a7a
Convert 193 (base 16) to base 14.
20b
What is -330021 (base 4) in base 12?
-2289
a566 (base 12) to base 5
1034303
-10575 (base 11) to base 15
-481d
1360d (base 15) to base 7
346042
What is 2702 (base 10) in base 4?
222032
Convert -3044 (base 14) to base 5.
-231132
Convert -1001100111010 (base 2) to base 9.
-6668
What is 2025 (base 8) in base 6?
4501
-9379 (base 13) to base 15
-608a
3ab9 (base 12) to base 10
6765
-18a (base 16) to base 15
-1b4
-112a (base 11) to base 12
-a38
Convert 3652 (base 7) to base 4.
111100
What is c464 (base 15) in base 9?
62824
What is 53b (base 15) in base 13?
6cb
What is -442520 (base 6) in base 16?
-9030
1131124 (base 5) to base 8
50465
What is 360 (base 14) in base 10?
672
-189e (base 15) to base 12
-30b8
Convert -5490 (base 12) to base 4.
-2101230
626 (base 12) to base 8
1576
What is 3424 (base 5) in base 12?
349
What is 10000202 (base 3) in base 15?
9c2
-5145 (base 7) to base 11
-1394
Convert -14200 (base 5) to base 9.
-1545
-433 (base 9) to base 11
-2a2
2233241 (base 5) to base 16
9b8d
Convert -1034 (base 10) to base 8.
-2012
Convert 1436 (base 15) to base 6.
32010
-5450 (base 6) to base 5
-20004
What is 12202210 (base 3) in base 16?
106e
What is -157 (base 14) in base 7?
-540
Convert -1163 (base 8) to base 7.
-1554
What is -2c44 (base 13) in base 16?
-194e
What is -235d (base 14) in base 2?
-1100000001111
What is 2713 (base 9) in base 5?
31122
What is 3231101 (base 4) in base 12?
8955
-10101 (base 5) to base 14
-347
5373 (base 9) to base 12
2356
27e (base 16) to base 9
778
Convert -300